{"id":4626,"date":"2017-11-29T15:43:22","date_gmt":"2017-11-29T14:43:22","guid":{"rendered":"http:\/\/hallo-salzburg.at\/?page_id=4626"},"modified":"2017-12-05T15:18:35","modified_gmt":"2017-12-05T14:18:35","slug":"umfrage-ich-habe-gewaehlt-weil","status":"publish","type":"page","link":"https:\/\/hallo-salzburg.at\/index.php\/umfrage-ich-habe-gewaehlt-weil\/","title":{"rendered":"Umfrage: Ich habe gew\u00e4hlt, weil&#8230;"},"content":{"rendered":"<div id=\"fb-root\"><\/div>\n<p><em>Diese (anonyme) Umfrage richtet sich an alle Wahlberechtigten in der Stadt Salzburg, die bei der B\u00fcrgermeisterwahl am 26. November 2017 von Ihrem Wahlrecht Gebrauch gemacht haben. F\u00fcr Nichtw\u00e4hler_innen gibt <a href=\"http:\/\/hallo-salzburg.at\/index.php\/umfrage-an-alle-nichtwaehler_innen-bei-der-buergermeisterwahl-am-26-november-2017\/\">HIER<\/a> eine eigene Umfrage.<\/em><\/p>\n<hr \/>\n<div id=\"polls-12\" class=\"wp-polls\">\n\t<form id=\"polls_form_12\" class=\"wp-polls-form\" action=\"\/index.php\" method=\"post\">\n\t\t<p style=\"display: none;\"><input type=\"hidden\" id=\"poll_12_nonce\" name=\"wp-polls-nonce\" value=\"de17516b93\" \/><\/p>\n\t\t<p style=\"display: none;\"><input type=\"hidden\" name=\"poll_id\" value=\"12\" \/><\/p>\n\t\t<p style=\"text-align: center;\"><strong>Ich habe am 26. November 2017 von meinem Wahlrecht Gebrauch gemacht, weil<\/strong><\/p><div id=\"polls-12-ans\" class=\"wp-polls-ans\"><ul class=\"wp-polls-ul\">\n\t\t<li><input type=\"radio\" id=\"poll-answer-45\" name=\"poll_12\" value=\"45\" \/> <label for=\"poll-answer-45\">ich der Meinung bin, dass W\u00e4hlen eine moralische Pflicht darstellt<\/label><\/li>\n\t\t<li><input type=\"radio\" id=\"poll-answer-46\" name=\"poll_12\" value=\"46\" \/> <label for=\"poll-answer-46\">ich wusste, wem ich meine Stimme geben werde.<\/label><\/li>\n\t\t<\/ul><p style=\"text-align: center;\"><input type=\"button\" name=\"vote\" value=\"   Vote   \" class=\"Buttons\" onclick=\"poll_vote(12);\" \/><\/p><p style=\"text-align: center;\"><a href=\"#ViewPollResults\" onclick=\"poll_result(12); return false;\" title=\"View Results Of This Poll\">View Results<\/a><\/p><\/div>\n\t<\/form>\n<\/div>\n<div id=\"polls-12-loading\" class=\"wp-polls-loading\"><img loading=\"lazy\" decoding=\"async\" src=\"https:\/\/hallo-salzburg.at\/wp-content\/plugins\/wp-polls\/images\/loading.gif\" width=\"16\" height=\"16\" alt=\"Wird geladen ...\" title=\"Wird geladen ...\" class=\"wp-polls-image\" \/>&nbsp;Wird geladen ...<\/div>\n\n<div id=\"polls-13\" class=\"wp-polls\">\n\t<form id=\"polls_form_13\" class=\"wp-polls-form\" action=\"\/index.php\" method=\"post\">\n\t\t<p style=\"display: none;\"><input type=\"hidden\" id=\"poll_13_nonce\" name=\"wp-polls-nonce\" value=\"6c516f816a\" \/><\/p>\n\t\t<p style=\"display: none;\"><input type=\"hidden\" name=\"poll_id\" value=\"13\" \/><\/p>\n\t\t<p style=\"text-align: center;\"><strong>Wie h\u00e4ufig bleiben Sie der Wahlurne fern?<\/strong><\/p><div id=\"polls-13-ans\" class=\"wp-polls-ans\"><ul class=\"wp-polls-ul\">\n\t\t<li><input type=\"radio\" id=\"poll-answer-47\" name=\"poll_13\" value=\"47\" \/> <label for=\"poll-answer-47\">Ich w\u00e4hle immer (wenn m\u00f6glich).<\/label><\/li>\n\t\t<li><input type=\"radio\" id=\"poll-answer-48\" name=\"poll_13\" value=\"48\" \/> <label for=\"poll-answer-48\">Ich war Erstw\u00e4hler\/Erstw\u00e4hlerin<\/label><\/li>\n\t\t<li><input type=\"radio\" id=\"poll-answer-49\" name=\"poll_13\" value=\"49\" \/> <label for=\"poll-answer-49\">Kann ich nicht genau sagen. Ich entscheide immer von Wahl zu Wahl.<\/label><\/li>\n\t\t<li><input type=\"radio\" id=\"poll-answer-50\" name=\"poll_13\" value=\"50\" \/> <label for=\"poll-answer-50\">Selten.<\/label><\/li>\n\t\t<li><input type=\"radio\" id=\"poll-answer-51\" name=\"poll_13\" value=\"51\" \/> <label for=\"poll-answer-51\">H\u00e4ufig.<\/label><\/li>\n\t\t<\/ul><p style=\"text-align: center;\"><input type=\"button\" name=\"vote\" value=\"   Vote   \" class=\"Buttons\" onclick=\"poll_vote(13);\" \/><\/p><p style=\"text-align: center;\"><a href=\"#ViewPollResults\" onclick=\"poll_result(13); return false;\" title=\"View Results Of This Poll\">View Results<\/a><\/p><\/div>\n\t<\/form>\n<\/div>\n<div id=\"polls-13-loading\" class=\"wp-polls-loading\"><img loading=\"lazy\" decoding=\"async\" src=\"https:\/\/hallo-salzburg.at\/wp-content\/plugins\/wp-polls\/images\/loading.gif\" width=\"16\" height=\"16\" alt=\"Wird geladen ...\" title=\"Wird geladen ...\" class=\"wp-polls-image\" \/>&nbsp;Wird geladen ...<\/div>\n\n<div id=\"polls-14\" class=\"wp-polls\">\n\t<form id=\"polls_form_14\" class=\"wp-polls-form\" action=\"\/index.php\" method=\"post\">\n\t\t<p style=\"display: none;\"><input type=\"hidden\" id=\"poll_14_nonce\" name=\"wp-polls-nonce\" value=\"28537b8e8b\" \/><\/p>\n\t\t<p style=\"display: none;\"><input type=\"hidden\" name=\"poll_id\" value=\"14\" \/><\/p>\n\t\t<p style=\"text-align: center;\"><strong>Wie hoch ist die Wahrscheinlichkeit, dass Sie an der Stichwahl am 10. Dezember von Ihrem Wahlrecht Gebrauch machen?<\/strong><\/p><div id=\"polls-14-ans\" class=\"wp-polls-ans\"><ul class=\"wp-polls-ul\">\n\t\t<li><input type=\"radio\" id=\"poll-answer-53\" name=\"poll_14\" value=\"53\" \/> <label for=\"poll-answer-53\">Sicher\/sehr wahrscheinlich.<\/label><\/li>\n\t\t<li><input type=\"radio\" id=\"poll-answer-54\" name=\"poll_14\" value=\"54\" \/> <label for=\"poll-answer-54\">Wahrscheinlich.<\/label><\/li>\n\t\t<li><input type=\"radio\" id=\"poll-answer-55\" name=\"poll_14\" value=\"55\" \/> <label for=\"poll-answer-55\">Vielleicht.<\/label><\/li>\n\t\t<li><input type=\"radio\" id=\"poll-answer-56\" name=\"poll_14\" value=\"56\" \/> <label for=\"poll-answer-56\">Eher nicht.<\/label><\/li>\n\t\t<li><input type=\"radio\" id=\"poll-answer-57\" name=\"poll_14\" value=\"57\" \/> <label for=\"poll-answer-57\">Sicher nicht. (kein Interesse)<\/label><\/li>\n\t\t<li><input type=\"radio\" id=\"poll-answer-58\" name=\"poll_14\" value=\"58\" \/> <label for=\"poll-answer-58\">Sicher nicht. (Mein Kandidat\/meine Kandidatin steht nicht mehr zur Wahl)<\/label><\/li>\n\t\t<\/ul><p style=\"text-align: center;\"><input type=\"button\" name=\"vote\" value=\"   Vote   \" class=\"Buttons\" onclick=\"poll_vote(14);\" \/><\/p><p style=\"text-align: center;\"><a href=\"#ViewPollResults\" onclick=\"poll_result(14); return false;\" title=\"View Results Of This Poll\">View Results<\/a><\/p><\/div>\n\t<\/form>\n<\/div>\n<div id=\"polls-14-loading\" class=\"wp-polls-loading\"><img loading=\"lazy\" decoding=\"async\" src=\"https:\/\/hallo-salzburg.at\/wp-content\/plugins\/wp-polls\/images\/loading.gif\" width=\"16\" height=\"16\" alt=\"Wird geladen ...\" title=\"Wird geladen ...\" class=\"wp-polls-image\" \/>&nbsp;Wird geladen ...<\/div>\n\n<div id=\"polls-15\" class=\"wp-polls\">\n\t<form id=\"polls_form_15\" class=\"wp-polls-form\" action=\"\/index.php\" method=\"post\">\n\t\t<p style=\"display: none;\"><input type=\"hidden\" id=\"poll_15_nonce\" name=\"wp-polls-nonce\" value=\"f587a78c89\" \/><\/p>\n\t\t<p style=\"display: none;\"><input type=\"hidden\" name=\"poll_id\" value=\"15\" \/><\/p>\n\t\t<p style=\"text-align: center;\"><strong>Stimmen Sie folgender Aussage zu? \"Es ist besser \"wei\u00df\" zu w\u00e4hlen, als nicht zu w\u00e4hlen\"<\/strong><\/p><div id=\"polls-15-ans\" class=\"wp-polls-ans\"><ul class=\"wp-polls-ul\">\n\t\t<li><input type=\"radio\" id=\"poll-answer-59\" name=\"poll_15\" value=\"59\" \/> <label for=\"poll-answer-59\">Ja.<\/label><\/li>\n\t\t<li><input type=\"radio\" id=\"poll-answer-60\" name=\"poll_15\" value=\"60\" \/> <label for=\"poll-answer-60\">Nein.<\/label><\/li>\n\t\t<li><input type=\"radio\" id=\"poll-answer-61\" name=\"poll_15\" value=\"61\" \/> <label for=\"poll-answer-61\">Ich habe dazu keine Meinung.<\/label><\/li>\n\t\t<\/ul><p style=\"text-align: center;\"><input type=\"button\" name=\"vote\" value=\"   Vote   \" class=\"Buttons\" onclick=\"poll_vote(15);\" \/><\/p><p style=\"text-align: center;\"><a href=\"#ViewPollResults\" onclick=\"poll_result(15); return false;\" title=\"View Results Of This Poll\">View Results<\/a><\/p><\/div>\n\t<\/form>\n<\/div>\n<div id=\"polls-15-loading\" class=\"wp-polls-loading\"><img loading=\"lazy\" decoding=\"async\" src=\"https:\/\/hallo-salzburg.at\/wp-content\/plugins\/wp-polls\/images\/loading.gif\" width=\"16\" height=\"16\" alt=\"Wird geladen ...\" title=\"Wird geladen ...\" class=\"wp-polls-image\" \/>&nbsp;Wird geladen ...<\/div>\n\n<div id=\"polls-16\" class=\"wp-polls\">\n\t<form id=\"polls_form_16\" class=\"wp-polls-form\" action=\"\/index.php\" method=\"post\">\n\t\t<p style=\"display: none;\"><input type=\"hidden\" id=\"poll_16_nonce\" name=\"wp-polls-nonce\" value=\"f06592d5ea\" \/><\/p>\n\t\t<p style=\"display: none;\"><input type=\"hidden\" name=\"poll_id\" value=\"16\" \/><\/p>\n\t\t<p style=\"text-align: center;\"><strong>Stimmen Sie folgender Aussage zu? \"Die Demokratie ist die beste Regierungsform\"<\/strong><\/p><div id=\"polls-16-ans\" class=\"wp-polls-ans\"><ul class=\"wp-polls-ul\">\n\t\t<li><input type=\"radio\" id=\"poll-answer-62\" name=\"poll_16\" value=\"62\" \/> <label for=\"poll-answer-62\">Ja.<\/label><\/li>\n\t\t<li><input type=\"radio\" id=\"poll-answer-63\" name=\"poll_16\" value=\"63\" \/> <label for=\"poll-answer-63\">Nein.<\/label><\/li>\n\t\t<li><input type=\"radio\" id=\"poll-answer-64\" name=\"poll_16\" value=\"64\" \/> <label for=\"poll-answer-64\">Dazu habe ich keine Meinung.<\/label><\/li>\n\t\t<li><input type=\"radio\" id=\"poll-answer-65\" name=\"poll_16\" value=\"65\" \/> <label for=\"poll-answer-65\">Ich zweifle daran\/bin mir nicht sicher.<\/label><\/li>\n\t\t<\/ul><p style=\"text-align: center;\"><input type=\"button\" name=\"vote\" value=\"   Vote   \" class=\"Buttons\" onclick=\"poll_vote(16);\" \/><\/p><p style=\"text-align: center;\"><a href=\"#ViewPollResults\" onclick=\"poll_result(16); return false;\" title=\"View Results Of This Poll\">View Results<\/a><\/p><\/div>\n\t<\/form>\n<\/div>\n<div id=\"polls-16-loading\" class=\"wp-polls-loading\"><img loading=\"lazy\" decoding=\"async\" src=\"https:\/\/hallo-salzburg.at\/wp-content\/plugins\/wp-polls\/images\/loading.gif\" width=\"16\" height=\"16\" alt=\"Wird geladen ...\" title=\"Wird geladen ...\" class=\"wp-polls-image\" \/>&nbsp;Wird geladen ...<\/div>\n\n<div id=\"polls-17\" class=\"wp-polls\">\n\t<form id=\"polls_form_17\" class=\"wp-polls-form\" action=\"\/index.php\" method=\"post\">\n\t\t<p style=\"display: none;\"><input type=\"hidden\" id=\"poll_17_nonce\" name=\"wp-polls-nonce\" value=\"2d61138f24\" \/><\/p>\n\t\t<p style=\"display: none;\"><input type=\"hidden\" name=\"poll_id\" value=\"17\" \/><\/p>\n\t\t<p style=\"text-align: center;\"><strong>Haben Sie ein schlechtes Gewissen, wenn sie nicht zur Wahl gehen?<\/strong><\/p><div id=\"polls-17-ans\" class=\"wp-polls-ans\"><ul class=\"wp-polls-ul\">\n\t\t<li><input type=\"radio\" id=\"poll-answer-66\" name=\"poll_17\" value=\"66\" \/> <label for=\"poll-answer-66\">Ja.<\/label><\/li>\n\t\t<li><input type=\"radio\" id=\"poll-answer-67\" name=\"poll_17\" value=\"67\" \/> <label for=\"poll-answer-67\">Nein.<\/label><\/li>\n\t\t<\/ul><p style=\"text-align: center;\"><input type=\"button\" name=\"vote\" value=\"   Vote   \" class=\"Buttons\" onclick=\"poll_vote(17);\" \/><\/p><p style=\"text-align: center;\"><a href=\"#ViewPollResults\" onclick=\"poll_result(17); return false;\" title=\"View Results Of This Poll\">View Results<\/a><\/p><\/div>\n\t<\/form>\n<\/div>\n<div id=\"polls-17-loading\" class=\"wp-polls-loading\"><img loading=\"lazy\" decoding=\"async\" src=\"https:\/\/hallo-salzburg.at\/wp-content\/plugins\/wp-polls\/images\/loading.gif\" width=\"16\" height=\"16\" alt=\"Wird geladen ...\" title=\"Wird geladen ...\" class=\"wp-polls-image\" \/>&nbsp;Wird geladen ...<\/div>\n\n<div id=\"polls-18\" class=\"wp-polls\">\n\t<form id=\"polls_form_18\" class=\"wp-polls-form\" action=\"\/index.php\" method=\"post\">\n\t\t<p style=\"display: none;\"><input type=\"hidden\" id=\"poll_18_nonce\" name=\"wp-polls-nonce\" value=\"cffb31f9e8\" \/><\/p>\n\t\t<p style=\"display: none;\"><input type=\"hidden\" name=\"poll_id\" value=\"18\" \/><\/p>\n\t\t<p style=\"text-align: center;\"><strong>Sollte es eine Wahlpflicht geben?<\/strong><\/p><div id=\"polls-18-ans\" class=\"wp-polls-ans\"><ul class=\"wp-polls-ul\">\n\t\t<li><input type=\"radio\" id=\"poll-answer-68\" name=\"poll_18\" value=\"68\" \/> <label for=\"poll-answer-68\">Ja.<\/label><\/li>\n\t\t<li><input type=\"radio\" id=\"poll-answer-69\" name=\"poll_18\" value=\"69\" \/> <label for=\"poll-answer-69\">Nein.<\/label><\/li>\n\t\t<li><input type=\"radio\" id=\"poll-answer-70\" name=\"poll_18\" value=\"70\" \/> <label for=\"poll-answer-70\">Ich habe dazu keine Meinung.<\/label><\/li>\n\t\t<\/ul><p style=\"text-align: center;\"><input type=\"button\" name=\"vote\" value=\"   Vote   \" class=\"Buttons\" onclick=\"poll_vote(18);\" \/><\/p><p style=\"text-align: center;\"><a href=\"#ViewPollResults\" onclick=\"poll_result(18); return false;\" title=\"View Results Of This Poll\">View Results<\/a><\/p><\/div>\n\t<\/form>\n<\/div>\n<div id=\"polls-18-loading\" class=\"wp-polls-loading\"><img loading=\"lazy\" decoding=\"async\" src=\"https:\/\/hallo-salzburg.at\/wp-content\/plugins\/wp-polls\/images\/loading.gif\" width=\"16\" height=\"16\" alt=\"Wird geladen ...\" title=\"Wird geladen ...\" class=\"wp-polls-image\" \/>&nbsp;Wird geladen ...<\/div>\n\n","protected":false},"excerpt":{"rendered":"<p>Diese (anonyme) Umfrage richtet sich an alle Wahlberechtigten in der Stadt Salzburg, die bei der B\u00fcrgermeisterwahl am 26. November 2017 von Ihrem Wahlrecht Gebrauch gemacht haben. F\u00fcr Nichtw\u00e4hler_innen gibt HIER&hellip;<\/p>\n","protected":false},"author":3,"featured_media":4635,"parent":0,"menu_order":0,"comment_status":"open","ping_status":"closed","template":"page-sidebar.php","meta":{"_exactmetrics_skip_tracking":false,"_exactmetrics_sitenote_active":false,"_exactmetrics_sitenote_note":"","_exactmetrics_sitenote_category":0,"footnotes":"","_links_to":"","_links_to_target":""},"coauthors":[1210],"class_list":["post-4626","page","type-page","status-publish","has-post-thumbnail","hentry"],"_links":{"self":[{"href":"https:\/\/hallo-salzburg.at\/index.php\/wp-json\/wp\/v2\/pages\/4626","targetHints":{"allow":["GET"]}}],"collection":[{"href":"https:\/\/hallo-salzburg.at\/index.php\/wp-json\/wp\/v2\/pages"}],"about":[{"href":"https:\/\/hallo-salzburg.at\/index.php\/wp-json\/wp\/v2\/types\/page"}],"author":[{"embeddable":true,"href":"https:\/\/hallo-salzburg.at\/index.php\/wp-json\/wp\/v2\/users\/3"}],"replies":[{"embeddable":true,"href":"https:\/\/hallo-salzburg.at\/index.php\/wp-json\/wp\/v2\/comments?post=4626"}],"version-history":[{"count":4,"href":"https:\/\/hallo-salzburg.at\/index.php\/wp-json\/wp\/v2\/pages\/4626\/revisions"}],"predecessor-version":[{"id":4632,"href":"https:\/\/hallo-salzburg.at\/index.php\/wp-json\/wp\/v2\/pages\/4626\/revisions\/4632"}],"wp:featuredmedia":[{"embeddable":true,"href":"https:\/\/hallo-salzburg.at\/index.php\/wp-json\/wp\/v2\/media\/4635"}],"wp:attachment":[{"href":"https:\/\/hallo-salzburg.at\/index.php\/wp-json\/wp\/v2\/media?parent=4626"}],"wp:term":[{"taxonomy":"author","embeddable":true,"href":"https:\/\/hallo-salzburg.at\/index.php\/wp-json\/wp\/v2\/coauthors?post=4626"}],"curies":[{"name":"wp","href":"https:\/\/api.w.org\/{rel}","templated":true}]}}